{"id":41,"date":"2021-11-23T09:58:20","date_gmt":"2021-11-23T09:58:20","guid":{"rendered":"https:\/\/zurich-shanghai2010.ch\/wp\/?page_id=41"},"modified":"2025-06-28T08:17:45","modified_gmt":"2025-06-28T07:17:45","slug":"contact-us","status":"publish","type":"page","link":"https:\/\/skillpartners.ch\/?page_id=41","title":{"rendered":"Kontakt"},"content":{"rendered":"\t\t<div data-elementor-type=\"wp-page\" data-elementor-id=\"41\" class=\"elementor elementor-41\">\n\t\t\t\t\t\t<section class=\"elementor-section elementor-top-section elementor-element elementor-element-5657a66 elementor-section-boxed elementor-section-height-default elementor-section-height-default\" data-id=\"5657a66\" data-element_type=\"section\" data-e-type=\"section\">\n\t\t\t\t\t\t<div class=\"elementor-container elementor-column-gap-default\">\n\t\t\t\t\t<div class=\"elementor-column elementor-col-100 elementor-top-column elementor-element elementor-element-226b6d8\" data-id=\"226b6d8\" data-element_type=\"column\" data-e-type=\"column\">\n\t\t\t<div class=\"elementor-widget-wrap\">\n\t\t\t\t\t\t\t<\/div>\n\t\t<\/div>\n\t\t\t\t\t<\/div>\n\t\t<\/section>\n\t\t\t\t<section class=\"elementor-section elementor-top-section elementor-element elementor-element-0ae1dd3 elementor-section-boxed elementor-section-height-default elementor-section-height-default\" data-id=\"0ae1dd3\" data-element_type=\"section\" data-e-type=\"section\">\n\t\t\t\t\t\t<div class=\"elementor-container elementor-column-gap-default\">\n\t\t\t\t\t<div class=\"elementor-column elementor-col-50 elementor-top-column elementor-element elementor-element-d28ccd2\" data-id=\"d28ccd2\" data-element_type=\"column\" data-e-type=\"column\">\n\t\t\t<div class=\"elementor-widget-wrap elementor-element-populated\">\n\t\t\t\t\t\t<div class=\"elementor-element elementor-element-7371780 elementor-widget elementor-widget-image\" data-id=\"7371780\" data-element_type=\"widget\" data-e-type=\"widget\" data-widget_type=\"image.default\">\n\t\t\t\t<div class=\"elementor-widget-container\">\n\t\t\t\t\t\t\t\t\t\t\t\t\t\t\t<img decoding=\"async\" src=\"https:\/\/skillpartners.ch\/wp-content\/uploads\/2022\/09\/Web-Portrait.jpg\" title=\"\" alt=\"\" loading=\"lazy\" \/>\t\t\t\t\t\t\t\t\t\t\t\t\t\t\t<\/div>\n\t\t\t\t<\/div>\n\t\t\t\t<div class=\"elementor-element elementor-element-f0ed417 elementor-widget elementor-widget-image\" data-id=\"f0ed417\" data-element_type=\"widget\" data-e-type=\"widget\" data-widget_type=\"image.default\">\n\t\t\t\t<div class=\"elementor-widget-container\">\n\t\t\t\t\t\t\t\t\t\t\t\t\t\t\t<img decoding=\"async\" src=\"https:\/\/skillpartners.ch\/wp-content\/uploads\/elementor\/thumbs\/cropped-skillpartners-ph7qy6k33s445ct9y7eov4g247e3xk4r2kfdrqfzfg.jpg\" title=\"cropped-skillpartners.jpg\" alt=\"cropped-skillpartners.jpg\" loading=\"lazy\" \/>\t\t\t\t\t\t\t\t\t\t\t\t\t\t\t<\/div>\n\t\t\t\t<\/div>\n\t\t\t\t<div class=\"elementor-element elementor-element-1432ed9 elementor-widget elementor-widget-text-editor\" data-id=\"1432ed9\" data-element_type=\"widget\" data-e-type=\"widget\" data-widget_type=\"text-editor.default\">\n\t\t\t\t<div class=\"elementor-widget-container\">\n\t\t\t\t\t\t\t\t\t<p><strong>HR Transformation \/ Digitalisierung<\/strong><\/p><p>ganzheitlich &#8211; professionell &#8211; nachhaltig<\/p>\t\t\t\t\t\t\t\t<\/div>\n\t\t\t\t<\/div>\n\t\t\t\t<div class=\"elementor-element elementor-element-32d9704 elementor-widget elementor-widget-text-editor\" data-id=\"32d9704\" data-element_type=\"widget\" data-e-type=\"widget\" data-widget_type=\"text-editor.default\">\n\t\t\t\t<div class=\"elementor-widget-container\">\n\t\t\t\t\t\t\t\t\t<p><strong style=\"color: var( --e-global-color-text ); font-size: 1rem;\">Sk<\/strong><b style=\"color: var( --e-global-color-text ); font-size: 1rem;\">illpartners AG<br \/><\/b>Allenbergstrasse 25<br \/>8708 M\u00e4nnedorf<\/p>\t\t\t\t\t\t\t\t<\/div>\n\t\t\t\t<\/div>\n\t\t\t\t<div class=\"elementor-element elementor-element-840a94d elementor-widget elementor-widget-image\" data-id=\"840a94d\" data-element_type=\"widget\" data-e-type=\"widget\" data-widget_type=\"image.default\">\n\t\t\t\t<div class=\"elementor-widget-container\">\n\t\t\t\t\t\t\t\t\t\t\t\t\t\t\t<img fetchpriority=\"high\" decoding=\"async\" width=\"300\" height=\"298\" src=\"https:\/\/skillpartners.ch\/wp-content\/uploads\/2022\/09\/Beat-Linkedin-650-300x298.png\" class=\"attachment-medium size-medium wp-image-664\" alt=\"\" srcset=\"https:\/\/skillpartners.ch\/wp-content\/uploads\/2022\/09\/Beat-Linkedin-650-300x298.png 300w, https:\/\/skillpartners.ch\/wp-content\/uploads\/2022\/09\/Beat-Linkedin-650-100x100.png 100w, https:\/\/skillpartners.ch\/wp-content\/uploads\/2022\/09\/Beat-Linkedin-650-600x596.png 600w, https:\/\/skillpartners.ch\/wp-content\/uploads\/2022\/09\/Beat-Linkedin-650-150x150.png 150w, https:\/\/skillpartners.ch\/wp-content\/uploads\/2022\/09\/Beat-Linkedin-650.png 650w\" sizes=\"(max-width: 300px) 100vw, 300px\" \/>\t\t\t\t\t\t\t\t\t\t\t\t\t\t\t<\/div>\n\t\t\t\t<\/div>\n\t\t\t\t\t<\/div>\n\t\t<\/div>\n\t\t\t\t<div class=\"elementor-column elementor-col-50 elementor-top-column elementor-element elementor-element-dd4cda0\" data-id=\"dd4cda0\" data-element_type=\"column\" data-e-type=\"column\">\n\t\t\t<div class=\"elementor-widget-wrap elementor-element-populated\">\n\t\t\t\t\t\t<div class=\"elementor-element elementor-element-67e9581 elementor-widget elementor-widget-text-editor\" data-id=\"67e9581\" data-element_type=\"widget\" data-e-type=\"widget\" data-widget_type=\"text-editor.default\">\n\t\t\t\t<div class=\"elementor-widget-container\">\n\t\t\t\t\t\t\t\t\t<p>\u00abSehr gerne gehe ich auf <strong>Ihre spezifischen Bed\u00fcrfnisse<\/strong> ein und diskutiere mit Ihnen <strong>Ihre konkreten HR Herausforderungen<\/strong> und <strong>L\u00f6sungsans\u00e4tze<\/strong> auf der Reise in die digitale Welt.\u00bb<\/p>\t\t\t\t\t\t\t\t<\/div>\n\t\t\t\t<\/div>\n\t\t\t\t<div class=\"elementor-element elementor-element-e539529 elementor-widget elementor-widget-heading\" data-id=\"e539529\" data-element_type=\"widget\" data-e-type=\"widget\" data-widget_type=\"heading.default\">\n\t\t\t\t<div class=\"elementor-widget-container\">\n\t\t\t\t\t<h2 class=\"elementor-heading-title elementor-size-medium\"><a href=\"https:\/\/outlook.office365.com\/owa\/calendar\/BeatFey@skillpartners.com\/bookings\/\" target=\"_blank\">Hier: Kostenloser Teams-Call buchen!<\/a><\/h2>\t\t\t\t<\/div>\n\t\t\t\t<\/div>\n\t\t\t\t<div class=\"elementor-element elementor-element-cd93401 elementor-widget elementor-widget-text-editor\" data-id=\"cd93401\" data-element_type=\"widget\" data-e-type=\"widget\" data-widget_type=\"text-editor.default\">\n\t\t\t\t<div class=\"elementor-widget-container\">\n\t\t\t\t\t\t\t\t\t<p>Ich freue mich auf Ihre <strong>Kontaktaufnahme:<\/strong><\/p><p><span style=\"color: var( --e-global-color-text ); font-family: var( --e-global-typography-text-font-family ), Sans-serif; font-weight: var( --e-global-typography-text-font-weight ); font-size: 1rem;\">eMail: beat.fey@skillpartners.com<br \/>Telefon: +41 79 411 33 55<\/span><\/p>\t\t\t\t\t\t\t\t<\/div>\n\t\t\t\t<\/div>\n\t\t\t\t\t<\/div>\n\t\t<\/div>\n\t\t\t\t\t<\/div>\n\t\t<\/section>\n\t\t\t\t<section class=\"elementor-section elementor-top-section elementor-element elementor-element-543dd98 elementor-section-boxed elementor-section-height-default elementor-section-height-default\" data-id=\"543dd98\" data-element_type=\"section\" data-e-type=\"section\">\n\t\t\t\t\t\t<div class=\"elementor-container elementor-column-gap-default\">\n\t\t\t\t\t<div class=\"elementor-column elementor-col-100 elementor-top-column elementor-element elementor-element-b415955\" data-id=\"b415955\" data-element_type=\"column\" data-e-type=\"column\">\n\t\t\t<div class=\"elementor-widget-wrap\">\n\t\t\t\t\t\t\t<\/div>\n\t\t<\/div>\n\t\t\t\t\t<\/div>\n\t\t<\/section>\n\t\t\t\t<section class=\"elementor-section elementor-top-section elementor-element elementor-element-8df143d elementor-section-boxed elementor-section-height-default elementor-section-height-default\" data-id=\"8df143d\" data-element_type=\"section\" data-e-type=\"section\">\n\t\t\t\t\t\t<div class=\"elementor-container elementor-column-gap-default\">\n\t\t\t\t\t<div class=\"elementor-column elementor-col-100 elementor-top-column elementor-element elementor-element-ee801f0\" data-id=\"ee801f0\" data-element_type=\"column\" data-e-type=\"column\">\n\t\t\t<div class=\"elementor-widget-wrap\">\n\t\t\t\t\t\t\t<\/div>\n\t\t<\/div>\n\t\t\t\t\t<\/div>\n\t\t<\/section>\n\t\t\t\t<section class=\"elementor-section elementor-top-section elementor-element elementor-element-7621037 elementor-section-boxed elementor-section-height-default elementor-section-height-default\" data-id=\"7621037\" data-element_type=\"section\" data-e-type=\"section\">\n\t\t\t\t\t\t<div class=\"elementor-container elementor-column-gap-default\">\n\t\t\t\t\t<div class=\"elementor-column elementor-col-50 elementor-top-column elementor-element elementor-element-3a83085\" data-id=\"3a83085\" data-element_type=\"column\" data-e-type=\"column\">\n\t\t\t<div class=\"elementor-widget-wrap\">\n\t\t\t\t\t\t\t<\/div>\n\t\t<\/div>\n\t\t\t\t<div class=\"elementor-column elementor-col-50 elementor-top-column elementor-element elementor-element-c4cf5ad\" data-id=\"c4cf5ad\" data-element_type=\"column\" data-e-type=\"column\">\n\t\t\t<div class=\"elementor-widget-wrap\">\n\t\t\t\t\t\t\t<\/div>\n\t\t<\/div>\n\t\t\t\t\t<\/div>\n\t\t<\/section>\n\t\t\t\t<\/div>\n\t\t","protected":false},"excerpt":{"rendered":"<p>HR Transformation \/ Digitalisierung ganzheitlich &#8211; professionell &#8211; nachhaltig Skillpartners AGAllenbergstrasse 258708 M\u00e4nnedorf \u00abSehr gerne gehe ich auf Ihre spezifischen Bed\u00fcrfnisse ein und diskutiere mit Ihnen Ihre konkreten HR Herausforderungen und L\u00f6sungsans\u00e4tze auf der Reise in die digitale Welt.\u00bb Hier: Kostenloser Teams-Call buchen! Ich freue mich auf Ihre Kontaktaufnahme: eMail: beat.fey@skillpartners.comTelefon: +41 79 411 33 [&hellip;]<\/p>\n","protected":false},"author":1,"featured_media":0,"parent":0,"menu_order":0,"comment_status":"closed","ping_status":"closed","template":"elementor_header_footer","meta":{"footnotes":""},"class_list":["post-41","page","type-page","status-publish","hentry"],"yoast_head":"<!-- This site is optimized with the Yoast SEO plugin v25.3.1 - https:\/\/yoast.com\/wordpress\/plugins\/seo\/ -->\n<title>Kontakt - Skillpartners AG<\/title>\n<meta name=\"robots\" content=\"index, follow, max-snippet:-1, max-image-preview:large, max-video-preview:-1\" \/>\n<link rel=\"canonical\" href=\"https:\/\/skillpartners.ch\/?page_id=41\" \/>\n<meta property=\"og:locale\" content=\"de_DE\" \/>\n<meta property=\"og:type\" content=\"article\" \/>\n<meta property=\"og:title\" content=\"Kontakt - Skillpartners AG\" \/>\n<meta property=\"og:description\" content=\"HR Transformation \/ Digitalisierung ganzheitlich &#8211; professionell &#8211; nachhaltig Skillpartners AGAllenbergstrasse 258708 M\u00e4nnedorf \u00abSehr gerne gehe ich auf Ihre spezifischen Bed\u00fcrfnisse ein und diskutiere mit Ihnen Ihre konkreten HR Herausforderungen und L\u00f6sungsans\u00e4tze auf der Reise in die digitale Welt.\u00bb Hier: Kostenloser Teams-Call buchen! Ich freue mich auf Ihre Kontaktaufnahme: eMail: beat.fey@skillpartners.comTelefon: +41 79 411 33 [&hellip;]\" \/>\n<meta property=\"og:url\" content=\"https:\/\/skillpartners.ch\/?page_id=41\" \/>\n<meta property=\"og:site_name\" content=\"Skillpartners AG\" \/>\n<meta property=\"article:modified_time\" content=\"2025-06-28T07:17:45+00:00\" \/>\n<meta property=\"og:image\" content=\"https:\/\/skillpartners.ch\/wp-content\/uploads\/2022\/09\/Web-Portrait.jpg\" \/>\n<meta name=\"twitter:card\" content=\"summary_large_image\" \/>\n<meta name=\"twitter:label1\" content=\"Gesch\u00e4tzte Lesezeit\" \/>\n\t<meta name=\"twitter:data1\" content=\"1\u00a0Minute\" \/>\n<script type=\"application\/ld+json\" class=\"yoast-schema-graph\">{\"@context\":\"https:\/\/schema.org\",\"@graph\":[{\"@type\":\"WebPage\",\"@id\":\"https:\/\/skillpartners.ch\/?page_id=41\",\"url\":\"https:\/\/skillpartners.ch\/?page_id=41\",\"name\":\"Kontakt - Skillpartners AG\",\"isPartOf\":{\"@id\":\"https:\/\/skillpartners.ch\/#website\"},\"primaryImageOfPage\":{\"@id\":\"https:\/\/skillpartners.ch\/?page_id=41#primaryimage\"},\"image\":{\"@id\":\"https:\/\/skillpartners.ch\/?page_id=41#primaryimage\"},\"thumbnailUrl\":\"https:\/\/skillpartners.ch\/wp-content\/uploads\/2022\/09\/Web-Portrait.jpg\",\"datePublished\":\"2021-11-23T09:58:20+00:00\",\"dateModified\":\"2025-06-28T07:17:45+00:00\",\"breadcrumb\":{\"@id\":\"https:\/\/skillpartners.ch\/?page_id=41#breadcrumb\"},\"inLanguage\":\"de\",\"potentialAction\":[{\"@type\":\"ReadAction\",\"target\":[\"https:\/\/skillpartners.ch\/?page_id=41\"]}]},{\"@type\":\"ImageObject\",\"inLanguage\":\"de\",\"@id\":\"https:\/\/skillpartners.ch\/?page_id=41#primaryimage\",\"url\":\"https:\/\/skillpartners.ch\/wp-content\/uploads\/2022\/09\/Web-Portrait.jpg\",\"contentUrl\":\"https:\/\/skillpartners.ch\/wp-content\/uploads\/2022\/09\/Web-Portrait.jpg\"},{\"@type\":\"BreadcrumbList\",\"@id\":\"https:\/\/skillpartners.ch\/?page_id=41#breadcrumb\",\"itemListElement\":[{\"@type\":\"ListItem\",\"position\":1,\"name\":\"Startseite\",\"item\":\"https:\/\/skillpartners.ch\/\"},{\"@type\":\"ListItem\",\"position\":2,\"name\":\"Kontakt\"}]},{\"@type\":\"WebSite\",\"@id\":\"https:\/\/skillpartners.ch\/#website\",\"url\":\"https:\/\/skillpartners.ch\/\",\"name\":\"Skillpartners AG\",\"description\":\"\",\"publisher\":{\"@id\":\"https:\/\/skillpartners.ch\/#organization\"},\"potentialAction\":[{\"@type\":\"SearchAction\",\"target\":{\"@type\":\"EntryPoint\",\"urlTemplate\":\"https:\/\/skillpartners.ch\/?s={search_term_string}\"},\"query-input\":{\"@type\":\"PropertyValueSpecification\",\"valueRequired\":true,\"valueName\":\"search_term_string\"}}],\"inLanguage\":\"de\"},{\"@type\":\"Organization\",\"@id\":\"https:\/\/skillpartners.ch\/#organization\",\"name\":\"Skillpartners AG\",\"url\":\"https:\/\/skillpartners.ch\/\",\"logo\":{\"@type\":\"ImageObject\",\"inLanguage\":\"de\",\"@id\":\"https:\/\/skillpartners.ch\/#\/schema\/logo\/image\/\",\"url\":\"https:\/\/skillpartners.ch\/wp-content\/uploads\/2021\/12\/cropped-skillpartners.jpg\",\"contentUrl\":\"https:\/\/skillpartners.ch\/wp-content\/uploads\/2021\/12\/cropped-skillpartners.jpg\",\"width\":149,\"height\":45,\"caption\":\"Skillpartners AG\"},\"image\":{\"@id\":\"https:\/\/skillpartners.ch\/#\/schema\/logo\/image\/\"}}]}<\/script>\n<!-- \/ Yoast SEO plugin. -->","yoast_head_json":{"title":"Kontakt - Skillpartners AG","robots":{"index":"index","follow":"follow","max-snippet":"max-snippet:-1","max-image-preview":"max-image-preview:large","max-video-preview":"max-video-preview:-1"},"canonical":"https:\/\/skillpartners.ch\/?page_id=41","og_locale":"de_DE","og_type":"article","og_title":"Kontakt - Skillpartners AG","og_description":"HR Transformation \/ Digitalisierung ganzheitlich &#8211; professionell &#8211; nachhaltig Skillpartners AGAllenbergstrasse 258708 M\u00e4nnedorf \u00abSehr gerne gehe ich auf Ihre spezifischen Bed\u00fcrfnisse ein und diskutiere mit Ihnen Ihre konkreten HR Herausforderungen und L\u00f6sungsans\u00e4tze auf der Reise in die digitale Welt.\u00bb Hier: Kostenloser Teams-Call buchen! Ich freue mich auf Ihre Kontaktaufnahme: eMail: beat.fey@skillpartners.comTelefon: +41 79 411 33 [&hellip;]","og_url":"https:\/\/skillpartners.ch\/?page_id=41","og_site_name":"Skillpartners AG","article_modified_time":"2025-06-28T07:17:45+00:00","og_image":[{"url":"https:\/\/skillpartners.ch\/wp-content\/uploads\/2022\/09\/Web-Portrait.jpg","type":"","width":"","height":""}],"twitter_card":"summary_large_image","twitter_misc":{"Gesch\u00e4tzte Lesezeit":"1\u00a0Minute"},"schema":{"@context":"https:\/\/schema.org","@graph":[{"@type":"WebPage","@id":"https:\/\/skillpartners.ch\/?page_id=41","url":"https:\/\/skillpartners.ch\/?page_id=41","name":"Kontakt - Skillpartners AG","isPartOf":{"@id":"https:\/\/skillpartners.ch\/#website"},"primaryImageOfPage":{"@id":"https:\/\/skillpartners.ch\/?page_id=41#primaryimage"},"image":{"@id":"https:\/\/skillpartners.ch\/?page_id=41#primaryimage"},"thumbnailUrl":"https:\/\/skillpartners.ch\/wp-content\/uploads\/2022\/09\/Web-Portrait.jpg","datePublished":"2021-11-23T09:58:20+00:00","dateModified":"2025-06-28T07:17:45+00:00","breadcrumb":{"@id":"https:\/\/skillpartners.ch\/?page_id=41#breadcrumb"},"inLanguage":"de","potentialAction":[{"@type":"ReadAction","target":["https:\/\/skillpartners.ch\/?page_id=41"]}]},{"@type":"ImageObject","inLanguage":"de","@id":"https:\/\/skillpartners.ch\/?page_id=41#primaryimage","url":"https:\/\/skillpartners.ch\/wp-content\/uploads\/2022\/09\/Web-Portrait.jpg","contentUrl":"https:\/\/skillpartners.ch\/wp-content\/uploads\/2022\/09\/Web-Portrait.jpg"},{"@type":"BreadcrumbList","@id":"https:\/\/skillpartners.ch\/?page_id=41#breadcrumb","itemListElement":[{"@type":"ListItem","position":1,"name":"Startseite","item":"https:\/\/skillpartners.ch\/"},{"@type":"ListItem","position":2,"name":"Kontakt"}]},{"@type":"WebSite","@id":"https:\/\/skillpartners.ch\/#website","url":"https:\/\/skillpartners.ch\/","name":"Skillpartners AG","description":"","publisher":{"@id":"https:\/\/skillpartners.ch\/#organization"},"potentialAction":[{"@type":"SearchAction","target":{"@type":"EntryPoint","urlTemplate":"https:\/\/skillpartners.ch\/?s={search_term_string}"},"query-input":{"@type":"PropertyValueSpecification","valueRequired":true,"valueName":"search_term_string"}}],"inLanguage":"de"},{"@type":"Organization","@id":"https:\/\/skillpartners.ch\/#organization","name":"Skillpartners AG","url":"https:\/\/skillpartners.ch\/","logo":{"@type":"ImageObject","inLanguage":"de","@id":"https:\/\/skillpartners.ch\/#\/schema\/logo\/image\/","url":"https:\/\/skillpartners.ch\/wp-content\/uploads\/2021\/12\/cropped-skillpartners.jpg","contentUrl":"https:\/\/skillpartners.ch\/wp-content\/uploads\/2021\/12\/cropped-skillpartners.jpg","width":149,"height":45,"caption":"Skillpartners AG"},"image":{"@id":"https:\/\/skillpartners.ch\/#\/schema\/logo\/image\/"}}]}},"jetpack_sharing_enabled":true,"_links":{"self":[{"href":"https:\/\/skillpartners.ch\/index.php?rest_route=\/wp\/v2\/pages\/41","targetHints":{"allow":["GET"]}}],"collection":[{"href":"https:\/\/skillpartners.ch\/index.php?rest_route=\/wp\/v2\/pages"}],"about":[{"href":"https:\/\/skillpartners.ch\/index.php?rest_route=\/wp\/v2\/types\/page"}],"author":[{"embeddable":true,"href":"https:\/\/skillpartners.ch\/index.php?rest_route=\/wp\/v2\/users\/1"}],"replies":[{"embeddable":true,"href":"https:\/\/skillpartners.ch\/index.php?rest_route=%2Fwp%2Fv2%2Fcomments&post=41"}],"version-history":[{"count":132,"href":"https:\/\/skillpartners.ch\/index.php?rest_route=\/wp\/v2\/pages\/41\/revisions"}],"predecessor-version":[{"id":2252,"href":"https:\/\/skillpartners.ch\/index.php?rest_route=\/wp\/v2\/pages\/41\/revisions\/2252"}],"wp:attachment":[{"href":"https:\/\/skillpartners.ch\/index.php?rest_route=%2Fwp%2Fv2%2Fmedia&parent=41"}],"curies":[{"name":"wp","href":"https:\/\/api.w.org\/{rel}","templated":true}]}}